the hundreds digit of x?
1
Let k(t) = -3377*t + 432. What is the thousands digit of k(-9)?
0
Suppose -4*m + 52 = -4*p, 4*m + 3*p = -0 + 17. Suppose 0 = j, m*z - 355 = 3*z + 2*j. Suppose x - z = -6. What is the units digit of x?
5
Suppose p = 2*m + 1869, -12*m = -4*p - 8*m + 7488. Suppose -p = -613*i + 610*i. What is the tens digit of i?
2
Let r(x) = -7*x**2 + 5*x - 9. Let w be r(4). Let q = 106 + w. Suppose -g + 175 = 5*f, q*g + 20 = g. What is the units digit of f?
6
Suppose -120*t + 439162 = 101842. What is the tens digit of t?
1
Let b be ((-6)/9)/(5/15). Let p = b + 2. Let d(v) = 3*v + 112. What is the units digit of d(p)?
2
Suppose -3*b - 695 = -2*z, -3*z + 2*b + 3*b + 1042 = 0. Let f = z + -314. What is the tens digit of f?
3
Let o = -313 + 213. Let z = o - -105. Suppose r - x - 109 = x, 534 = z*r + x. What is the units digit of r?
7
Let f(r) = 33*r**2 - 12*r - 70. What is the units digit of f(14)?
0
Let j(a) = 22*a + 33. Let d(k) = -45*k - 65. Let b(p) = 2*d(p) + 5*j(p). Let h(r) = 29*r + 849. Let x be h(-29). What is the hundreds digit of b(x)?
1
What is the units digit of -112*(0 - -3)/(-6 - 9/(-2))?
4
Let y be (426 - -4)/(36/15 + -2). Suppose -7*p + y + 710 = 0. What is the hundreds digit of p?
2
Suppose 66*l - 324 = 63*l. Suppose 2*p + 5*q - 81 = 0, 3*q - l = -3*p - 0*p. What is the tens digit of p?
3
Let w = -521 + 1486. Suppose -2*b = -r - 0*b + 200, -3*b = -5*r + w. What is the tens digit of r?
9
Let r = -8039 - -12887. What is the thousands digit of r?
4
Let q(k) = 49*k - 161. Let f = 311 - 305. What is the hundreds digit of q(f)?
1
Let z(f) = 52*f + 116. Let t be z(-2). Suppose t = 4*s, 2*k + 3*s - s - 3406 = 0. What is the thousands digit of k?
1
Let m(d) = -d**2 + 5*d - 4. Let n be m(4). Let h = -1668 + 1671. Suppose -h*p + 515 + 208 = n. What is the units digit of p?
1
Let b(t) = -2524*t + 28. What is the units digit of b(-10)?
8
Let w(j) = j**2 - 20*j + 18. Let u be w(17). Let i = 38 + u. Suppose 3*y - i*y + 64 = 0. What is the tens digit of y?
3
Let j(c) = 2*c**3 - c**2 - 2*c - 12. Let z = -31 + 31. Suppose -u = -4*m - 5*u + 20, u - 1 = z. What is the tens digit of j(m)?
9
Let k(l) = 5*l - 85. Let v(h) = 8*h - 170. Let g(q) = 5*k(q) - 2*v(q). What is the units digit of g(12)?
3
Let j be (-4 + 6)*(30/(-5) + 5). Suppose 4*g = 3*w + 1113, -2*g + g + 2*w + 272 = 0. What is the units digit of (14/42)/(566/g + j)?
7
Let b(a) = -3*a**3 + 6*a**2 + 2*a - 3. Let f be b(1). Suppose 0 = -3*n + 5*z + 2892, f*n - 3*z - 902 = 1026. What is the units digit of n?
4
Let s(c) = -1402*c + 4105. What is the units digit of s(-14)?
3
What is the thousands digit of -19 + (19 - (22 - 43531))?
3
Suppose 4*b - 3*b = 0. Suppose -4*j - 2 + 26 = b. Suppose 0*s + 450 = j*s. What is the units digit of s?
5
Let b = -40 + -8. Let i be 3458/6 - b/(-36). Suppose 3*a + 2*a = i. What is the hundreds digit of a?
1
Suppose 10*t - 35702 = -453662. What is the hundreds digit of t/(-90) + (-4)/10?
4
Let k be (-4)/16*2 - 4857/6. Let o = 0 - k. Suppose o = 5*b + 145. What is the units digit of b?
3
Let b be ((-3)/(-3))/((-5)/95). Let j = b - -74. What is the tens digit of 2211/j - (-2)/(-10)?
4
Let s(z) = 1698*z**3 + 2*z**2 - z - 1. Let r be (2/(-10))/((-12)/60)*1. What is the tens digit of s(r)?
9
Suppose -2*b = -7 - 25. Let h = -26 + b. What is the tens digit of 354/4 + 15/h?
8
Suppose 0 = -2*i - 4*y + 3040, -3*y = 5*i - 4886 - 2693. Suppose 3*n - 137 = -4*w + 1392, 3*n - i = -w. What is the tens digit of n?
0
Let m(z) = z**3 - 22*z**2 + 12*z + 19. Suppose -4*p - 8 = 5*l, 8 = 2*l - 2*p - 2*p. Suppose l = -7*o + 11*o - 88. What is the units digit of m(o)?
3
Let w be (55/30*2)/(1/3). Let u be w/(((-8)/4)/(-6)). Suppose 3*g - 4*m = u + 126, -3*m = -9. What is the tens digit of g?
5
Let y(c) = -c**2 - 40*c - 2. Let p be ((-8)/(-14))/(3/21) - 21. What is the tens digit of y(p)?
8
Suppose 8*f - 18*f + 60 = 0. Suppose -i - y = -f*y - 98, 63 = i + 2*y. What is the units digit of i?
3
What is the hundreds digit of 19290 - ((18 - 1) + -2)?
2
Let l(i) = 26*i + 11. Let t be l(6). Let y = t + 86. Let s = y - 12. What is the hundreds digit of s?
2
What is the units digit of 11/33*32436/1?
2
Let m = -480 - -482. Suppose 0 = -5*w - 15, m*s = w - 3*w + 1368. What is the tens digit of s?
8
Suppose 4*n = 4*a + 144328, -19*a + 17*a + 36100 = n. What is the thousands digit of n?
6
Let a = 75 + -66. Suppose -6 = -a*u + 435. Suppose u*z + 137 = 50*z. What is the tens digit of z?
3
Let f(c) = 78*c**2 - 3*c - 2. Let h be f(-2). Let l(q) = q**3 + 4*q**2 - 7*q - 12. Let g be l(-5). What is the units digit of (g + 0)/((-8)/h)?
9
Let g(r) = 41*r**3 + 87*r**2 - 4*r - 32. What is the thousands digit of g(7)?
8
Let q(n) = -n**3 + 5*n**2 - 4*n - 1. Let j be q(3). Suppose -j*d + 3115 = -5*z, -9 + 19 = -2*z. What is the hundreds digit of d?
6
Let l(a) be the third derivative of -a**6/120 + 11*a**5/30 - 7*a**4/24 + 29*a**3/6 + 50*a**2. What is the tens digit of l(21)?
2
Let w be (-172)/(-60) - (-4)/30. Let o be w - (-175 + (3 - 6)). Suppose 176 = 2*l + 2*r, 2*r = -2*l - r + o. What is the tens digit of l?
8
Let u be 2/9 + 125/45. Let n = 118 - 113. Suppose -n*b + m + 418 = 3*m, -u*b = 5*m - 247. What is the tens digit of b?
8
Let q = 27250 + 14145. What is the tens digit of q?
9
Suppose 3*u = -o + 12, -5*u = 4*o + o - 10. Suppose 1031 = 4*i + u*w, -5*i + 5*w = 7*w - 1293. What is the units digit of i?
9
Suppose 0 = 10*p - 9075 - 5105. What is the tens digit of p?
1
Let j(c) = c**3 + 11*c**2 - 8*c. Let p be j(-12). Let a = p - -2. Let o = -45 - a. What is the units digit of o?
1
Let i(z) = -7*z**3 + 9*z**2 + z + 7. Let g be i(5). Let q = g + 955. What is the tens digit of q?
1
Suppose -4*j = -2*j + 4*u + 386, 0 = -j + 4*u - 175. Let x(f) = 310*f**2 + 2*f - 1. Let t be x(1). Let l = j + t. What is the units digit of l?
4
Let z be (-1 + 1)/(-13 + 15) + 7. Let i be 915/z - -1 - 146/(-511). Let g = i + -39. What is the tens digit of g?
9
Let k = -906 - 99. What is the tens digit of k/134*(-1)/(3/64)?
6
Suppose 2*v = -3*r - 14 - 8, 2*v - 20 = 4*r. Let w be (-20)/r + 64/(-48). Suppose 0 = -m - 4*g + 291, 198 = -w*m - 3*g + 765. What is the hundreds digit of m?
2
Let t = 113 - 108. Suppose 2*m + 2*a + 3*a - 382 = 0, -t*m + a = -1009. What is the hundreds digit of m?
2
Suppose -3*r = -v + 69, -3*r - 226 = -3*v - 7. Suppose 0*m + 15*m = v. What is the units digit of m?
5
Let k = 493 - 489. Suppose -7*v + 2081 = 5*f - 3*v, -5*f + v = -2086. Suppose 840 = k*r - 4*n, -2*r + n = -2*n - f. What is the units digit of r?
3
Let c = -385 - -390. What is the tens digit of 648/c - ((-39)/(-15) - 3)?
3
Let j(f) be the first derivative of -22*f**2 + 150*f - 108. What is the units digit of j(-29)?
6
Let d = -196 + 303. Suppose -769 = -2*k - d. What is the units digit of k?
1
Suppose 80446 + 171680 = 27*a. What is the thousands digit of a?
9
Suppose -214 + 2318 = -8*f. Let l = -678 - f. Let y = -177 - l. What is the hundreds digit of y?
2
What is the hundreds digit of 87858785/1679 - 4/92?
3
Suppose 22*m - 234*m + 6561889 = -10068239. What is the tens digit of m?
4
Let d = -55736 - -91958. What is the units digit of d?
2
Let n(q) = 3*q**2 + 5*q - 9. Let i = 9 - 1. Suppose -r = -m - 4*m - 24, -2*m = i. What is the units digit of n(r)?
9
Let l be 9 + 3*(-2)/2 + 3. What is the units digit of (l + (-706)/4)/((-2)/4)?
5
Let f = 86 + -113. Let a = -37 - f. What is the tens digit of a/(-4)*1568/80?
4
Suppose 2*x + 22 = 42. What is the units digit of -3 + 7 - x/5?
2
What is the hundreds digit of (1148/84 + 18)/(3205/1602 + -2)?
7
Let p be 766/(-3) + (-1)/(-3). Let c = p + 400. What is the tens digit of c?
4
Let v be 618/6 - 3 - -4. What is the tens digit of 37557/v - (-2)/(-16)?
6
Suppose x = 4*a - 21, -5*x = 5 - 0. Suppose -10*r - 35 = -a*r. Let m(v) = v**3 + 8*v**2 + 2*v - 11. What is the tens digit of m(r)?
2
Suppose -75*i - 238093 + 2723858 - 27565 = 0. What is the hundreds digit of i?
7
Suppose 3*z = 3*j - 24, -9*j + 4*j - 4*z = -22. What is the units digit of -5 + j + -6 - -915?
0
Let q(t) = -3*t**3 + 8*t**2 - 9*t - 9. Let i be q(-5). Let g = 1071 - i. What is the units digit of g?
0
Suppose 11 - 31 = -5*v. Suppose 0 = 4*n + 5*t - 2238, 0 = -2*n - v*t + 5*t + 1126. What is the units digit of n?
2
Let t(z) = 11*z**2 + 2*z -